7331961 prime?
False
Is 557519 prime?
True
Is 87259541 prime?
False
Is 56561779 composite?
False
Is 1645092433 composite?
False
Is 66084901 composite?
True
Is 5415089 prime?
False
Is 79973161 a prime number?
True
Is 21051265 a prime number?
False
Is 123762553 composite?
False
Is 13804993 prime?
True
Is 8041177 prime?
True
Is 183644707 prime?
True
Is 118990279 prime?
True
Is 7108853 a prime number?
True
Is 8372179 a composite number?
True
Is 18687511 composite?
False
Is 462467 a composite number?
False
Is 139471907 a composite number?
True
Is 3794783 prime?
False
Is 915637 prime?
False
Is 6801709 prime?
False
Is 3341687 a prime number?
True
Is 148523681 a composite number?
False
Is 38639531 a prime number?
False
Is 183896654 prime?
False
Is 3293981 prime?
False
Is 81786599 prime?
False
Is 33328421 a composite number?
True
Is 56052991 composite?
True
Is 414468661 prime?
True
Is 4390031 composite?
True
Is 3839573 a composite number?
False
Is 398058203 a prime number?
True
Is 16339969 prime?
True
Is 219473431 a prime number?
True
Is 2123981 a composite number?
True
Is 549049 prime?
False
Is 44956511 composite?
True
Is 1735463 a composite number?
False
Is 126210041 a prime number?
True
Is 7857247 composite?
True
Is 169457 prime?
True
Is 137357629 a composite number?
False
Is 3084491 a composite number?
False
Is 783111871 composite?
True
Is 1510447 prime?
False
Is 603707457 composite?
True
Is 712785839 a prime number?
True
Is 34709861 a composite number?
False
Is 1309327 composite?
True
Is 8185729 a prime number?
True
Is 7112197 a composite number?
True
Is 2455301 a composite number?
True
Is 15541439 prime?
True
Is 3008342 prime?
False
Is 22817713 a prime number?
True
Is 154933387 prime?
False
Is 2643131 prime?
True
Is 224721577 a prime number?
True
Is 48357637 a prime number?
True
Is 113322997 a composite number?
False
Is 521129471 a composite number?
False
Is 9158483 a prime number?
True
Is 151026643 composite?
True
Is 434459 a prime number?
True
Is 6105529 a composite number?
True
Is 147490918 composite?
True
Is 12365335 a prime number?
False
Is 2179801 prime?
False
Is 24080621 prime?
True
Is 4476067 composite?
False
Is 18580223 prime?
True
Is 2311919 prime?
False
Is 115389515 composite?
True
Is 8531609 a composite number?
False
Is 1404239 prime?
False
Is 33337615 a composite number?
True
Is 1560589 a prime number?
True
Is 24950981 a composite number?
True
Is 21435311 a composite number?
False
Is 64779587 a composite number?
False
Is 3844697 a composite number?
False
Is 50955329 a prime number?
True
Is 2655187 a composite number?
True
Is 1750391 a prime number?
True
Is 1026661 a prime number?
True
Is 131293 prime?
True
Is 287324881 a prime number?
False
Is 1811219 prime?
True
Is 394627 a prime number?
False
Is 266203481 a composite number?
True
Is 1068283 a prime number?
False
Is 1609403 prime?
True
Is 28229219 a composite number?
False
Is 283387693 prime?
True
Is 682901 prime?
True
Is 116305957 a composite number?
False
Is 95948647 a prime number?
True
Is 178319 a prime number?
False
Is 145531 prime?
True
Is 191698453 a prime number?
False
Is 6628639 prime?
True
Is 1773563 composite?
True
Is 139031107 composite?
False
Is 59561311 prime?
True
Is 12051041 a composite number?
False
Is 2449211 prime?
False
Is 29678837 a composite number?
False
Is 1881697 a prime number?
True
Is 8193183 a prime number?
False
Is 94638491 a prime number?
False
Is 17886445 prime?
False
Is 22712951 prime?
False
Is 7617371 composite?
True
Is 4502741 prime?
False
Is 4329631 prime?
True
Is 5848987 a prime number?
False
Is 7246205 a prime number?
False
Is 149318263 composite?
False
Is 33237107 a prime number?
True
Is 42074819 prime?
True
Is 15822914 a composite number?
True
Is 935939 a composite number?
True
Is 596837 a composite number?
True
Is 29044871 composite?
False
Is 9388003 a prime number?
False
Is 14736431 a prime number?
True
Is 302745857 a composite number?
True
Is 206406507 a prime number?
False
Is 17723761 composite?
True
Is 2814991 composite?
False
Is 161707453 a prime number?
True
Is 26079163 prime?
False
Is 708389 prime?
False
Is 62462599 composite?
True
Is 16232053 a prime number?
True
Is 12326179 composite?
False
Is 510521 a composite number?
True
Is 44275841 a prime number?
True
Is 51915547 a composite number?
False
Is 3997703 a prime number?
False
Is 3571157 a composite number?
False
Is 57107 composite?
False
Is 173388031 prime?
False
Is 185384383 prime?
True
Is 13666199 a prime number?
False
Is 91384211 prime?
False
Is 2980361 a prime number?
False
Is 50595013 composite?
True
Is 658457 composite?
True
Is 20606711 a prime number?
True
Is 5765797 prime?
False
Is 27900427 prime?
True
Is 40245859 composite?
False
Is 53956087 prime?
True
Is 136411 a prime number?
False
Is 1185929 prime?
True
Is 2045887 a prime number?
False
Is 16755355 prime?
False
Is 23749851 composite?
True
Is 39098831 a prime number?
True
Is 12777145 a composite number?
True
Is 2062309 composite?
True
Is 1881791 prime?
False
Is 232168061 prime?
True
Is 17225083 a prime number?
False
Is 861283177 prime?
True
Is 3172271 a prime number?
True
Is 92145353 prime?
True
Is 57544519 prime?
True
Is 1010605 prime?
False
Is 143033023 prime?
False
Is 89375459 a composite number?
True
Is 200569 a prime number?
True
Is 2354315 a prime number?
False
Is 10848973 composite?
True
Is 2877397 a composite number?
False
Is 13510627 composite?
True
Is 1516187 composite?
False
Is 86903657 prime?
False
Is 13622039 a prime number?
True
Is 3589007 prime?
False
Is 19418954 a prime number?
False
Is 17760487 composite?
False
Is 335579749 composite?
False
Is 49843979 a composite number?
True
Is 214050433 prime?
True
Is 4772317 prime?
False
Is 10388267 a composite number?
True
Is 1670813 a prime number?
True
Is 3182261 prime?
True
Is 8553673 composite?
False
Is 1470169 a prime number?
False
Is 225257 a prime number?
True
Is 2681431 prime?
False
Is 103694413 prime?
True
Is 17318179 a composite number?
True
Is 14101099 composite?
False
Is 2170867 prime?
False
Is 35625559 prime?
True
Is 124756063 composite?
False
Is 2461021 a composite number?
False
Is 98381071 a composite number?
True
Is 4166945 a prime number?
False
Is 2073163 prime?
True
Is 9920998 prime?
False
Is 4566019 prime?
True
Is 937457427 a prime number?
False
Is 13703033 composite?
False
Is 38738081 a prime number?
False
Is 2191351 a composite number?
True
Is 2409557 a composite number?
True
Is 91091309 prime?
True
Is 38794759 a composite number?
True
Is 8129609 a prime number?
False
Is 175746503 prime?
True
Is 9118387 composite?
False
Is 31841879 a composite number?
False
Is 28446289 a prime number?
True
Is 44648977 composite?
False
Is 47883457 composite?
False
Is 6117541 a prime number?
True
Is 16406491 composite?
True
Is 1746259 a composite number?
False
Is 14614219 a composite number?
False
Is 50161535 a composite number?
True
Is 8654593 a prime number?
False
Is 5953165 composite?
True
Is 32229101 composite?
True
Is 923345 a composite number?
True
Is 1186307 prime?
False
Is 741579 composite?
True
Is 140731111 a prime number?
True
Is 8628209 a composite number?
True
Is 260083607 a prime number?
False
Is 493333 a prime number?
True
Is 262391131 a composite number?
False
Is 2985781 prime?
True
Is 337577 a composite number?
True
Is 9100669 a composite number?
False
Is 234857531 prime?
False
Is 171228577 a prime number?
False
Is 52907 composite?
True
Is 2030489 a composite number?
False
Is 610105043 a prime number?
True
Is 16850194 prime?
False
Is 78542017 prime?
True
Is 2034551 prime?
True
Is 134039 prime?
True
Is 79549159 a prime number?
True
Is 21336281 a prime number?
False
Is 18389759 a composite number?
False
Is 30473293 composite?
False
Is 14070563 a prime number?
False
Is 119899687 composite?
False
Is 24211247 composite?
True
Is 14331235 prime?
False
Is 88057897 composite?
True
Is 1029353 a composite number?
True
Is 16760239 prime?
False
Is 64706813 prime?
False
Is 24113003 composite?
False
Is 71094757 composite?
False
Is 30838838 composite?
True
Is 459113 a composite number?
False
Is 179201117 a composite number?
True
Is 46770167 composite?
False
Is 5797466 a prime number?
False
Is 6034271 composite?
True
Is 512741 a prime number?
True
Is 10223617 co